st common factor of 396 and 1831212?
36
What is the greatest common factor of 54 and 1059?
3
What is the greatest common divisor of 16 and 15540?
4
Calculate the highest common divisor of 1056 and 1803780.
132
Calculate the greatest common divisor of 56 and 10290.
14
What is the greatest common divisor of 177935 and 950?
95
Calculate the greatest common divisor of 654742 and 11.
11
Calculate the greatest common factor of 1885 and 20880.
145
Calculate the highest common divisor of 966 and 202998.
138
What is the greatest common factor of 3465 and 1680?
105
Calculate the greatest common divisor of 558 and 174654.
558
Calculate the greatest common divisor of 120740 and 500.
20
What is the highest common factor of 208 and 543504?
208
What is the highest common factor of 156 and 75180?
12
What is the highest common divisor of 448 and 834736?
112
What is the highest common factor of 4682 and 56?
2
Calculate the greatest common factor of 7206 and 5046.
6
Calculate the highest common divisor of 986 and 9454.
58
Calculate the highest common divisor of 39538 and 371.
53
What is the highest common divisor of 19950 and 54?
6
What is the highest common divisor of 2673 and 15840?
99
Calculate the greatest common divisor of 86545 and 475.
95
Calculate the greatest common divisor of 347399 and 13.
13
Calculate the highest common factor of 82689 and 387.
129
What is the highest common factor of 4852 and 628?
4
Calculate the greatest common divisor of 10084 and 24.
4
What is the highest common factor of 4626 and 16434?
18
What is the highest common factor of 714 and 201042?
102
Calculate the greatest common factor of 337944 and 48.
24
Calculate the highest common divisor of 477 and 371.
53
What is the highest common divisor of 551 and 1160?
29
What is the highest common factor of 187 and 9146?
17
Calculate the highest common divisor of 155 and 1231723.
31
Calculate the highest common divisor of 6014 and 46.
2
What is the greatest common factor of 204 and 4675?
17
What is the greatest common divisor of 31260 and 7920?
60
What is the greatest common factor of 306160 and 2136?
712
What is the greatest common factor of 382617 and 3996?
999
Calculate the highest common factor of 67471 and 327.
109
What is the highest common divisor of 1236 and 21527?
103
Calculate the highest common divisor of 247 and 1159.
19
Calculate the greatest common divisor of 231 and 1375704.
33
Calculate the greatest common divisor of 540 and 11772.
108
Calculate the highest common divisor of 446 and 2919962.
446
What is the greatest common divisor of 243 and 23004?
81
Calculate the greatest common factor of 9396 and 2712.
12
Calculate the greatest common factor of 83648 and 64.
64
Calculate the highest common factor of 21 and 5877088.
7
Calculate the highest common divisor of 2872 and 40.
8
What is the greatest common divisor of 50 and 26570?
10
What is the greatest common divisor of 2272 and 304?
16
Calculate the greatest common divisor of 633243 and 429.
39
Calculate the highest common factor of 10121 and 39437.
349
What is the highest common factor of 590 and 1094745?
295
Calculate the highest common divisor of 1395 and 370140.
465
Calculate the highest common factor of 11984 and 271887.
749
What is the greatest common factor of 612 and 3972?
12
What is the highest common factor of 62 and 87544?
62
What is the highest common divisor of 16 and 4721968?
16
What is the highest common divisor of 204 and 15636?
12
What is the highest common divisor of 4501772 and 1111?
1111
What is the highest common factor of 124144 and 64?
16
What is the highest common divisor of 1925 and 2233?
77
Calculate the greatest common divisor of 684 and 1387.
19
What is the greatest common divisor of 24843 and 51207?
507
Calculate the greatest common factor of 1216 and 6232.
152
What is the highest common factor of 48 and 108708?
12
What is the highest common divisor of 17852 and 8?
4
What is the greatest common divisor of 22554 and 462?
42
What is the greatest common factor of 172 and 1247860?
172
Calculate the greatest common divisor of 449 and 142333.
449
What is the highest common factor of 1352166 and 6981?
537
Calculate the greatest common factor of 38980 and 45.
5
What is the highest common factor of 13 and 105833?
13
Calculate the greatest common factor of 301 and 189.
7
Calculate the greatest common factor of 21 and 133511.
7
What is the highest common factor of 2511126 and 1098?
1098
What is the greatest common divisor of 332996 and 664?
332
Calculate the highest common divisor of 2972 and 125567.
743
Calculate the greatest common factor of 1649 and 74593.
97
Calculate the greatest common divisor of 80594 and 118.
118
Calculate the greatest common divisor of 66 and 62128.
22
What is the highest common factor of 10208 and 10912?
352
Calculate the greatest common factor of 4257 and 1556643.
1419
Calculate the greatest common factor of 19942 and 826.
118
What is the greatest common divisor of 12968 and 64?
8
Calculate the greatest common factor of 46 and 523825.
23
Calculate the highest common factor of 9536 and 2533.
149
What is the highest common factor of 23 and 149293?
23
What is the highest common factor of 891 and 3894?
33
Calculate the greatest common divisor of 835 and 164161.
167
What is the highest common divisor of 20275 and 10?
5
Calculate the highest common factor of 162 and 34101.
81
What is the highest common factor of 58 and 322306?
58
What is the highest common divisor of 87633 and 21?
21
Calculate the greatest common divisor of 209657 and 63.
7
What is the highest common factor of 305016 and 284?
284
What is the highest common factor of 265053 and 1219?
53
Calculate the greatest common factor of 10 and 523555.
5
What is the highest common divisor of 591 and 27?
3
What is the highest common factor of 440 and 2365?
55
What is the highest common factor of 693459 and 234?
117
What is the highest common divisor of 103530 and 476?
238
What is the highest common divisor of 58120 and 3960?
40
What is the highest common factor of 858 and 37103?
11
What is the greatest common divisor of 1640 and 89011?
41
Calculate the highest common divisor of 255 and 3105.
15
Calculate the highest common factor of 164711 and 171.
19
Calculate the highest common divisor of 99 and 53691.
33
What is the highest common divisor of 288 and 183528?
72
Calculate the greatest common divisor of 107970 and 60.
30
Calculate the highest common factor of 13937 and 7161.
77
Calculate the greatest common divisor of 96 and 1906.
2
Calculate the highest common factor of 10 and 16285.
5
What is the highest common divisor of 1840 and 2875?
115
Calculate the highest common factor of 7616 and 1316.
28
Calculate the highest common divisor of 12879 and 2703.
159
Calculate the greatest common factor of 2178 and 12826.
242
What is the greatest common divisor of 8184 and 42160?
248
What is the greatest common factor of 22474 and 782?
34
What is the highest common divisor of 9450 and 18522?
378
What is the greatest common divisor of 162 and 23886?
18
What is the greatest common divisor of 279312 and 528?
528
Calculate the highest common divisor of 12984 and 156.
12
Calculate the highest common factor of 55 and 15895.
55
What is the highest common factor of 67338 and 3294?
54
What is the greatest common divisor of 498187 and 488?
61
Calculate the greatest common divisor of 3405476 and 536.
268
Calculate the highest common factor of 1125996 and 1822.
1822
Calculate the highest common factor of 454 and 26.
2
What is the greatest common factor of 990 and 23870?
110
What is the greatest common divisor of 110975 and 386?
193
Calculate the highest common divisor of 81675 and 4235.
605
Calculate the highest common factor of 566388 and 72.
36
What is the highest common divisor of 44 and 649924?
44
What is the greatest common factor of 12599795 and 13?
13
What is the highest common factor of 4930 and 11745?
145
What is the highest common factor of 2 and 475?
1
Calculate the highest common divisor of 231876 and 8814.
678
Calculate the greatest common factor of 1096 and 115765.
137
What is the highest common factor of 65 and 39767?
13
Calculate the highest common factor of 52946 and 506.
46
Calculate the highest common divisor of 2590 and 13690.
37